 - 0*g - g - 318, g + 160 = a. Let v = 211 - a. Is v prime?
True
Let j be (-4)/(-4) + 8 + -4. Suppose -14 = -4*d - 2*t, -j*d + t = 4*t - 18. Suppose d*b + 248 = 779. Is b a prime number?
False
Suppose 50*i - 1282234 = -9*i + 1230399. Is i a composite number?
True
Let j(w) = -21908*w + 603. Is j(-6) a composite number?
True
Let h = 85 + -78. Suppose -8*p = -h*p. Suppose -4*x - 2*t = x - 1695, p = 3*t - 15. Is x prime?
True
Let u = 122062 - 66405. Is u a prime number?
False
Suppose 0*n - 3*n + 9 = 0. Suppose 7*x = n*x. Suppose x = -3*l - z + 3513, 2*l - 2342 = 3*z + z. Is l prime?
True
Suppose -144 = 3*b - 4*c - 52, -3*c = -2*b - 63. Is -401*b/9 - 5/15 composite?
False
Suppose 55*d + 84288 = u + 60*d, -d + 252850 = 3*u. Is u a prime number?
False
Let u = -46 + -395. Is 1 - -2 - (u - 6/(-6)) a prime number?
True
Let u = -22 + 22. Suppose u = -6*x + 7*x. Suppose -5*j + 9*j - 3412 = x. Is j a prime number?
True
Let p be (((-45)/(-12))/3)/((-1)/(-4)). Let x be -3 + 81624/(-15) + 3/p. Let b = -3111 - x. Is b a prime number?
True
Let u be -4 + (-1182)/(-8) + 1/4. Let h be (-3)/5 - u/(-90). Is (17/4)/(h/116) prime?
False
Let o be 13/((-91)/(-28)) - 15. Let l(v) = -v**3 - 4*v**2 + 20*v + 14. Is l(o) prime?
True
Suppose -m = -1 - 0, 0 = -2*d - 3*m - 14151. Let w = -1570 - d. Is w composite?
False
Let s be 7/(-7)*(2 + -1). Is (4/(16/(-3076)))/s a composite number?
False
Suppose 11*n + 3*z = 14*n - 227859, 5*n + z - 379741 = 0. Is n a prime number?
False
Suppose -6*w - 27*w + 55046159 = 16*w. Is w a prime number?
True
Suppose 2*v - 172 = -196. Let m(p) = -3*p**3 - 18*p - 19. Is m(v) prime?
True
Let f(b) = b**3 + 4*b**2 + 24*b + 36. Is f(13) prime?
True
Let n(b) be the second derivative of -9*b**5/20 - b**4/4 - b**3/3 + 5*b**2/2 - 7*b. Is n(-4) composite?
False
Suppose 2*w + 69 = 81. Suppose 20094 + 7080 = w*d. Is d prime?
False
Is (135678/2*(-4)/(-36))/((-19)/(-57)) a composite number?
False
Let j(y) = -y**2 + y + 14. Let k be j(4). Suppose k*t = 9*m - 6*m - 7001, -4*t = -2*m + 4670. Is m a composite number?
False
Let y = -58385 - -96018. Is y prime?
True
Let z(v) = 4*v**2 - 365 - v**2 + 368 + 3*v**3 - 5*v + 0*v**2. Let l = 2 + 2. Is z(l) prime?
True
Let u = 735 + 1724. Suppose a + 5*w - 801 = 0, -w = -a + 4*a - u. Is a a composite number?
False
Let q(z) = -z**3 - 2*z**2 + 15*z + 13. Let a be q(-4). Is (a/6)/(-1)*1174 a prime number?
False
Suppose 30534978 = -38*b + 392*b. Is b composite?
False
Let f = -26565 - -88766. Is f prime?
True
Let b(q) = 780*q - 869. Is b(35) a composite number?
False
Let b = -40 - -40. Let t be b - 0 - -2 - (-10)/(-5). Is t + 2 + 461 + -6 composite?
False
Suppose 2*i = 5*q - i, -q = -2*i. Suppose -4*n - 3*v - 545 = -2*v, q = -3*n + v - 407. Let b = 195 + n. Is b prime?
True
Suppose 2*x = -k + 12778, -6*x = -4*x + 5*k - 12762. Suppose 3*t - 5*d - x = 0, 4*t - 4*d + 0*d = 8508. Is t a composite number?
True
Let m be 6/33 - (0 + 260/(-22)). Is 77606/m - (-25)/(-150) composite?
True
Suppose 7*d + 15*d + 5320 = 24086. Is d composite?
False
Suppose -2*c + 2*n = -37326, -5*c + 121*n + 93321 = 119*n. Is c prime?
False
Let x be (-850)/(-35) + (-16)/56. Suppose 0 = -31*u + x*u + 345485. Is u a prime number?
False
Let h(o) = -o**3 + 5*o**2 + 6*o - 5. Let r be h(-5). Let a = -226 + 554. Let x = a + r. Is x composite?
True
Let y(b) = 370*b**2 - 4*b - 10. Let s be y(-3). Suppose s = f - 261. Is f prime?
True
Suppose 3*u + 277*k - 325349 = 282*k, 4*k - 542199 = -5*u. Is u a prime number?
False
Let k(m) = -m**3 + 11*m**2 + 7*m - 35. Let q be k(11). Suppose 55*n - q*n - 14963 = 0. Is n composite?
False
Is 8449644/28*4/(-6)*(-6)/12 prime?
True
Let p(h) = 23707*h + 94. Is p(1) composite?
False
Suppose -34*s + 35*s = -q + 344501, 0 = 3*q. Is s composite?
True
Let w = 19 - 10. Suppose w*i = 8*i + 2. Suppose 2049 = 5*m - 4*t, 4*m - 405 = 3*m + i*t. Is m a composite number?
True
Let m(q) = -q**3 + q**2 - q + 1. Let v be m(1). Suppose v*y - 6*y = 30. Is ((-39)/(-15) - 3) + (-2467)/y a composite number?
True
Suppose -2*d = -4*t - 2, 0 = -t - 0*t - d + 1. Suppose t*j = 34*j - 4046. Is j a prime number?
False
Suppose 5*f + z - 13 = 12, -25 = -5*f + 3*z. Suppose w = -f*w + 19734. Suppose -b + 5*k + 826 = 0, 0*k - w = -4*b + 5*k. Is b composite?
False
Let g(s) = 3*s**3 - 9*s**2 - 7*s + 17. Let b(f) = -2*f**3 + 8*f**2 + 6*f - 17. Let m(t) = 5*b(t) + 4*g(t). Let j = 2 - -4. Is m(j) a composite number?
False
Let n(w) = -36 + 24*w**2 + 89 + 2*w**2 - 24*w - 22. Is n(14) a composite number?
True
Suppose 4*g - 44407 = -i, -5*g - 24317 = -i + 20072. Is i a prime number?
False
Let y = -231 - -335. Suppose -107*b + 14529 = -y*b. Is b prime?
False
Let i = 94722 - -4491. Is i prime?
False
Let n(t) = 5610187*t - 14211. Let l(w) = -1579*w + 4. Let k(d) = 14211*l(d) + 4*n(d). Suppose -5*p = -20, 4*r + 5*p - 367 = -343. Is k(r) a composite number?
False
Suppose 0 = 2*k - 12 + 8. Suppose -k*w - 122 = -376. Let h = -65 + w. Is h a composite number?
True
Suppose 5*p = 4*j + 1, 0 = -3*j + 3*p - 6 + 9. Suppose 6561 = j*x + 1167. Is x composite?
True
Let l = 352 + -135. Let y be (1 + (-20)/(-16))*(-56)/(-21). Let f = l - y. Is f a composite number?
False
Let l be 0/(12/42*7). Suppose 5*t + 3530 - 24490 = l. Suppose -5*q = 2*k + k - t, -q + 5595 = 4*k. Is k prime?
True
Suppose 0 = 5*m - 5*b - 36370, -5*m = -b - 2*b - 36378. Is -2 + m - (-1 - 6) a composite number?
False
Let l be 40/8 + (2/2)/(-1). Is 80435/20*(l + 0) a prime number?
True
Let c(u) = 57*u - 20. Suppose -3*m + n - 167 = 0, m - 2*m - 47 = 4*n. Let j = 60 + m. Is c(j) a composite number?
True
Let j(g) = -g**3 + 16*g**2 + 64*g - 260. Is j(-31) prime?
True
Let o(d) = -8*d**3 - 6*d**2 + 9*d + 7. Suppose 5 = -u - 1. Let w be o(u). Suppose -w = -c + 294. Is c a prime number?
True
Suppose 23*i + 27129 + 954 = 0. Let d = 682 - i. Is d prime?
False
Let w(s) = -s**3 + 29*s**2 + 34*s - 55. Let y(i) = -i**2 - 15*i - 30. Let q be y(-8). Is w(q) a prime number?
True
Let u(t) = -t - 1. Let h(f) = 19*f**2 + 9*f - 23. Let v(a) = h(a) + 3*u(a). Is v(3) prime?
True
Let s be (-5 - (-12 - -6)) + 178*457. Suppose 5*l = 37938 + s. Is l prime?
True
Let g(x) = 2*x**2 + 11*x + 22. Let k be g(-6). Suppose k*r = 40*r - 99444. Is r a prime number?
True
Suppose 57*h - 7591863 - 3184200 - 2675766 = 0. Is h composite?
False
Let u(r) = 739*r - 36. Let f be u(13). Suppose 5*i - f - 19204 = 0. Is i prime?
False
Let w = -657024 + 3013223. Is w prime?
True
Suppose -240 = -29*m + 41*m. Let r(k) = -4*k**3 - 6*k**2 - 13*k + 11. Let d be r(9). Is (2 - m/(-8))*d/2 a composite number?
False
Let o(g) = -5 - 2*g + 0 - 14*g**3 + 4 - g**2 - 3*g**3. Let f be o(-1). Suppose 3324 = f*y - 13*y. Is y composite?
True
Suppose 0 = -14*q - 9 + 37. Suppose 5*y - 1589 = 3*n, -q*y + 4*y = n + 636. Is y a prime number?
False
Suppose 17*s + 181719 = 664885 + 628107. Is s a prime number?
False
Let z = 539 + -539. Let b(l) = l**3 - 14*l**2 + 12*l + 5. Let p be b(13). Is (-1551 - p)/(-1 - z/(-1)) a prime number?
True
Suppose 23*w = -5282699 + 24678852. Is w a prime number?
False
Let f(g) = -35 - g**2 - 12*g + 6*g - 10*g. Let y be f(-14). Is (5 + y)*(-934)/4 a composite number?
False
Suppose -10*h = -12*h + 18. Suppose 6*o + 9 = h*o. Let r(x) = 9*x**2 + x + 2. Is r(o) prime?
False
Let k = 121231 - 67654. Suppose k = 17*m - 59864. Is m a composite number?
False
Let k(y) = 4*y - 118. Let q be k(30). Suppose -q*r + 3*n + 2304 = 5*n, 0 = 3*n - 15. Is r prime?
False
Suppose -46*i + 5916066 - 24120030 = -218*i. Is i a composite number?
True
Suppose 0 = 3*j - 4*j - r - 1, 2*j = -5*r - 11. Suppose 7*o - 11*o - j*q + 21286 = 0, o = -5*q + 5308. Is o composite?
False
Let v be -3 - (-32)/10 - (-25128)/10. Let m be (-1 - 1)/(-2)*(-43 - -45). Suppose -4*t + v = -m*t - 3*u, -u = -4*t + 5001. Is t a prime number?
True
Let f = 212 - 212. Suppose 5*t = -l + 1662, 2*l + 5*t - 344 - 2955 = f. Is l a prime number?
True
Let m(r) = -338*r - 17 + 96*r - 112*r. Is m(-4) a prime number?
True
Suppose 8*y - 5*y = 150. Suppose y = 5*n - 2*b - b, 5*n - 2*b - 50 = 0. Suppose -n*g + 17*g - 1561 = 0. Is g a prime number?
True
Suppose -5*s - 3*c + 376496 = 0, -3*s + 6*c + 225909 = 4*c. Is s a prime number?
False
Let l(s) = 96*s**2 + 9 - 8*s - 9 + 11. Suppose -5*o + 5*c = -25, -2*o + 1210*c + 10 = 1212*c. Is l